

{"id":174,"date":"2013-12-16T16:52:36","date_gmt":"2013-12-16T16:52:36","guid":{"rendered":"http:\/\/palladion.com.br\/novosite\/?page_id=174"},"modified":"2014-01-06T12:47:19","modified_gmt":"2014-01-06T12:47:19","slug":"empresa","status":"publish","type":"page","link":"https:\/\/palladion.com.br\/index.php\/empresa","title":{"rendered":"Empresa"},"content":{"rendered":"<p>Criada em 17 de maio de 1989, por empres\u00e1rio mineiro com expressiva experi\u00eancia profissional a Palladion ao longo dos anos, tem seus procedimentos ancorados na tradi\u00e7\u00e3o e maneira de ser mineira sem abrir m\u00e3o das melhores e consolidadas t\u00e9cnicas administrativas.<\/p>\n<p>A partir de outubro de 2007 passou a ter como objetivo social a intermedia\u00e7\u00e3o imobili\u00e1ria.<\/p>\n<p>Faz de sua tecnologia da informa\u00e7\u00e3o n\u00e3o um fim espec\u00edfico, mas uma maneira de aproximar-se de seus clientes, que traduzindo numa express\u00e3o bem mineira, \u201cmede sua \u00e1gua com seu fub\u00e1\u201d para fazer da inform\u00e1tica uma ferramenta que n\u00e3o s\u00f3 agiliza seus processos, mas facilita o contato e o relacionamento interpessoal.<\/p>\n<p>Seu nome, Palladion, inspirado na mitologia grega, traduz sua busca cotidiana por conhecimento, equil\u00edbrio e seguran\u00e7a.<\/p>\n<p>Atua de forma regular, observando os aspectos tribut\u00e1rios e legais ditados pela legisla\u00e7\u00e3o brasileira.<\/p>\n<p>Est\u00e1 inscrita no Conselho Regional de Corretores de Im\u00f3veis de Minas Gerais, CRECI\/MG, sob o n\u00famero 0003465.<\/p>\n<p>Todos os seus profissionais que exercem fun\u00e7\u00f5es t\u00e9cnicas regulamentadas, sem exce\u00e7\u00f5es, est\u00e3o devidamente registrados nos respectivos conselhos de classe.<\/p>\n","protected":false},"excerpt":{"rendered":"<p>Criada em 17 de maio de 1989, por empres\u00e1rio mineiro com expressiva experi\u00eancia profissional a Palladion ao longo dos anos, tem seus procedimentos ancorados na tradi\u00e7\u00e3o e maneira de ser mineira sem abrir m\u00e3o das melhores e consolidadas t\u00e9cnicas administrativas. A partir de outubro de 2007 passou a ter como objetivo social a intermedia\u00e7\u00e3o imobili\u00e1ria. [&hellip;]<\/p>\n","protected":false},"author":1,"featured_media":0,"parent":0,"menu_order":0,"comment_status":"closed","ping_status":"open","template":"template-fullwidth.php","meta":{"_mi_skip_tracking":false,"_exactmetrics_sitenote_active":false,"_exactmetrics_sitenote_note":"","_exactmetrics_sitenote_category":0,"footnotes":""},"_links":{"self":[{"href":"https:\/\/palladion.com.br\/index.php\/wp-json\/wp\/v2\/pages\/174"}],"collection":[{"href":"https:\/\/palladion.com.br\/index.php\/wp-json\/wp\/v2\/pages"}],"about":[{"href":"https:\/\/palladion.com.br\/index.php\/wp-json\/wp\/v2\/types\/page"}],"author":[{"embeddable":true,"href":"https:\/\/palladion.com.br\/index.php\/wp-json\/wp\/v2\/users\/1"}],"replies":[{"embeddable":true,"href":"https:\/\/palladion.com.br\/index.php\/wp-json\/wp\/v2\/comments?post=174"}],"version-history":[{"count":0,"href":"https:\/\/palladion.com.br\/index.php\/wp-json\/wp\/v2\/pages\/174\/revisions"}],"wp:attachment":[{"href":"https:\/\/palladion.com.br\/index.php\/wp-json\/wp\/v2\/media?parent=174"}],"curies":[{"name":"wp","href":"https:\/\/api.w.org\/{rel}","templated":true}]}}

<p>Criada em 17 de maio de 1989, por empresário mineiro com expressiva experiência profissional a Palladion ao longo dos anos, tem seus procedimentos ancorados na tradição e maneira de ser mineira sem abrir mão das melhores e consolidadas técnicas administrativas.</p>
<p>A partir de outubro de 2007 passou a ter como objetivo social a intermediação imobiliária.</p>
<p>Faz de sua tecnologia da informação não um fim específico, mas uma maneira de aproximar-se de seus clientes, que traduzindo numa expressão bem mineira, “mede sua água com seu fubá” para fazer da informática uma ferramenta que não só agiliza seus processos, mas facilita o contato e o relacionamento interpessoal.</p>
<p>Seu nome, Palladion, inspirado na mitologia grega, traduz sua busca cotidiana por conhecimento, equilíbrio e segurança.</p>
<p>Atua de forma regular, observando os aspectos tributários e legais ditados pela legislação brasileira.</p>
<p>Está inscrita no Conselho Regional de Corretores de Imóveis de Minas Gerais, CRECI/MG, sob o número 0003465.</p>
<p>Todos os seus profissionais que exercem funções técnicas regulamentadas, sem exceções, estão devidamente registrados nos respectivos conselhos de classe.</p>

<p>Criada em 17 de maio de 1989, por empresário mineiro com expressiva experiência profissional a Palladion ao longo dos anos, tem seus procedimentos ancorados na tradição e maneira de ser mineira sem abrir mão das melhores e consolidadas técnicas administrativas. A partir de outubro de 2007 passou a ter como objetivo social a intermediação imobiliária. [&hellip;]</p>
